{"id":951,"date":"2024-12-03T10:32:06","date_gmt":"2024-12-03T09:32:06","guid":{"rendered":"https:\/\/sidiafishing.com\/?page_id=951"},"modified":"2024-12-03T13:53:46","modified_gmt":"2024-12-03T12:53:46","slug":"catalogue","status":"publish","type":"page","link":"https:\/\/sidiafishing.com\/index.php\/catalogue\/","title":{"rendered":"Catalogue"},"content":{"rendered":"\t\t<div data-elementor-type=\"wp-page\" data-elementor-id=\"951\" class=\"elementor elementor-951\">\n\t\t\t\t<div class=\"elementor-element elementor-element-739b51a e-flex e-con-boxed e-con e-parent\" data-id=\"739b51a\" data-element_type=\"container\">\n\t\t\t\t\t<div class=\"e-con-inner\">\n\t\t\t\t<div class=\"elementor-element elementor-element-dab6eed elementor-widget elementor-widget-text-editor\" data-id=\"dab6eed\" data-element_type=\"widget\" data-widget_type=\"text-editor.default\">\n\t\t\t\t<div class=\"elementor-widget-container\">\n\t\t\t\t\t\t\t\t\t<p class=\"whitespace-pre-wrap break-words\"><strong>Voici les principales esp\u00e8ces marines des zones de Guin\u00e9e-Bissau, du Lib\u00e9ria et de Sierra Leone :<\/strong><\/p><p class=\"whitespace-pre-wrap break-words\"><strong>Poissons p\u00e9lagiques :<\/strong> Les eaux de ces r\u00e9gions sont particuli\u00e8rement riches en thonid\u00e9s, avec notamment le thon ob\u00e8se, le listao et le thon albacore. On y trouve \u00e9galement d&rsquo;importantes populations de sardinelles rondes et plates, de maquereaux et d&rsquo;anchois. Ces esp\u00e8ces p\u00e9lagiques repr\u00e9sentent une ressource \u00e9conomique majeure pour ces pays c\u00f4tiers.<\/p><p class=\"whitespace-pre-wrap break-words\"><strong>Poissons d\u00e9mersaux :<\/strong> La zone se caract\u00e9rise par une diversit\u00e9 remarquable de poissons d\u00e9mersaux, comprenant le bar, le m\u00e9rou, le capitaine, le pageot, et diverses esp\u00e8ces de sparid\u00e9s. Le merlu constitue \u00e9galement une esp\u00e8ce importante, particuli\u00e8rement appr\u00e9ci\u00e9 pour sa chair ferme et savoureuse.<\/p><p class=\"whitespace-pre-wrap break-words\"><strong>Crustac\u00e9s et mollusques :<\/strong> Les \u00e9cosyst\u00e8mes marins de ces r\u00e9gions abritent plusieurs esp\u00e8ces de crustac\u00e9s d&rsquo;int\u00e9r\u00eat commercial : crevettes tigr\u00e9es, crevettes blanches, langoustines. On y trouve \u00e9galement des populations de crabes et de langoustes. Les mollusques sont repr\u00e9sent\u00e9s par diverses esp\u00e8ces de poulpes, de seiches et de calmars.<\/p><h3 class=\"whitespace-pre-wrap break-words\">Esp\u00e8ces sp\u00e9cifiques :<\/h3><ul class=\"-mt-1 [li&gt;&amp;]:mt-2 list-disc space-y-2 pl-8\"><li class=\"whitespace-normal break-words\"><strong>Guin\u00e9e-Bissau :<\/strong> Zone riche en m\u00e9rous, sardinelles et thonid\u00e9s, avec une biodiversit\u00e9 marine exceptionnelle dans l&rsquo;archipel des Bijag\u00f3s<\/li><li class=\"whitespace-normal break-words\"><strong>Lib\u00e9ria :<\/strong> Forte pr\u00e9sence de thons, sardines et poissons d\u00e9mersaux<\/li><li class=\"whitespace-normal break-words\"><strong>Sierra Leone :<\/strong> Concentration importante de thonid\u00e9s, sardinelles et poissons de fond<\/li><\/ul>\t\t\t\t\t\t\t\t<\/div>\n\t\t\t\t<\/div>\n\t\t\t\t\t<\/div>\n\t\t\t\t<\/div>\n\t\t<div class=\"elementor-element elementor-element-2048a51 e-flex e-con-boxed e-con e-parent\" data-id=\"2048a51\" data-element_type=\"container\">\n\t\t\t\t\t<div class=\"e-con-inner\">\n\t\t<div class=\"elementor-element elementor-element-7e73d01 e-con-full e-flex e-con e-child\" data-id=\"7e73d01\" data-element_type=\"container\">\n\t\t<div class=\"elementor-element elementor-element-59f014e e-con-full e-flex e-con e-child\" data-id=\"59f014e\" data-element_type=\"container\">\n\t\t\t\t<div class=\"elementor-element elementor-element-12fc426 elementor-widget elementor-widget-heading\" data-id=\"12fc426\" data-element_type=\"widget\" data-widget_type=\"heading.default\">\n\t\t\t\t<div class=\"elementor-widget-container\">\n\t\t\t\t\t<h2 class=\"elementor-heading-title elementor-size-default\">Pour en savoir plus, notre brochure :<\/h2>\t\t\t\t<\/div>\n\t\t\t\t<\/div>\n\t\t\t\t<\/div>\n\t\t\t\t<\/div>\n\t\t\t\t\t<\/div>\n\t\t\t\t<\/div>\n\t\t<div class=\"elementor-element elementor-element-e6aaaf5 e-flex e-con-boxed e-con e-parent\" data-id=\"e6aaaf5\" data-element_type=\"container\">\n\t\t\t\t\t<div class=\"e-con-inner\">\n\t\t<div class=\"elementor-element elementor-element-9e38d61 e-con-full e-flex e-con e-child\" data-id=\"9e38d61\" data-element_type=\"container\">\n\t\t\t\t<div class=\"elementor-element elementor-element-84f76ad elementor-widget elementor-widget-text-editor\" data-id=\"84f76ad\" data-element_type=\"widget\" data-widget_type=\"text-editor.default\">\n\t\t\t\t<div class=\"elementor-widget-container\">\n\t\t\t\t\t\t\t\t\t<p>L&rsquo;ensemble des esp\u00e8ces de poisson et produits de la mer est disponible en t\u00e9l\u00e9chargement :<\/p>\t\t\t\t\t\t\t\t<\/div>\n\t\t\t\t<\/div>\n\t\t\t\t<\/div>\n\t\t\t\t\t<\/div>\n\t\t\t\t<\/div>\n\t\t<div class=\"elementor-element elementor-element-c0a745b e-flex e-con-boxed e-con e-parent\" data-id=\"c0a745b\" data-element_type=\"container\">\n\t\t\t\t\t<div class=\"e-con-inner\">\n\t\t<div class=\"elementor-element elementor-element-52b9acf e-con-full e-flex e-con e-child\" data-id=\"52b9acf\" data-element_type=\"container\">\n\t\t<div class=\"elementor-element elementor-element-7557ef9 e-con-full e-flex e-con e-child\" data-id=\"7557ef9\" data-element_type=\"container\">\n\t\t\t\t<div class=\"elementor-element elementor-element-2f07ee1 elementor-align-center elementor-widget elementor-widget-button\" data-id=\"2f07ee1\" data-element_type=\"widget\" data-widget_type=\"button.default\">\n\t\t\t\t<div class=\"elementor-widget-container\">\n\t\t\t\t\t\t\t\t\t<div class=\"elementor-button-wrapper\">\n\t\t\t\t\t<a class=\"elementor-button elementor-button-link elementor-size-sm\" href=\"https:\/\/sidiafishing.com\/wp-content\/uploads\/2024\/11\/SIDIA-FISHING-v3.pdf\" target=\"_blank\">\n\t\t\t\t\t\t<span class=\"elementor-button-content-wrapper\">\n\t\t\t\t\t\t<span class=\"elementor-button-icon\">\n\t\t\t\t<svg aria-hidden=\"true\" class=\"e-font-icon-svg e-far-arrow-alt-circle-right\" viewBox=\"0 0 512 512\" xmlns=\"http:\/\/www.w3.org\/2000\/svg\"><path d=\"M504 256C504 119 393 8 256 8S8 119 8 256s111 248 248 248 248-111 248-248zm-448 0c0-110.5 89.5-200 200-200s200 89.5 200 200-89.5 200-200 200S56 366.5 56 256zm72 20v-40c0-6.6 5.4-12 12-12h116v-67c0-10.7 12.9-16 20.5-8.5l99 99c4.7 4.7 4.7 12.3 0 17l-99 99c-7.6 7.6-20.5 2.2-20.5-8.5v-67H140c-6.6 0-12-5.4-12-12z\"><\/path><\/svg>\t\t\t<\/span>\n\t\t\t\t\t\t\t\t\t<span class=\"elementor-button-text\">T\u00e9l\u00e9chargez notre brochure<\/span>\n\t\t\t\t\t<\/span>\n\t\t\t\t\t<\/a>\n\t\t\t\t<\/div>\n\t\t\t\t\t\t\t\t<\/div>\n\t\t\t\t<\/div>\n\t\t\t\t<div class=\"elementor-element elementor-element-a3101df elementor-widget elementor-widget-spacer\" data-id=\"a3101df\" data-element_type=\"widget\" data-widget_type=\"spacer.default\">\n\t\t\t\t<div class=\"elementor-widget-container\">\n\t\t\t\t\t\t\t<div class=\"elementor-spacer\">\n\t\t\t<div class=\"elementor-spacer-inner\"><\/div>\n\t\t<\/div>\n\t\t\t\t\t\t<\/div>\n\t\t\t\t<\/div>\n\t\t\t\t<\/div>\n\t\t\t\t<\/div>\n\t\t\t\t\t<\/div>\n\t\t\t\t<\/div>\n\t\t\t\t<\/div>\n\t\t","protected":false},"excerpt":{"rendered":"<p>Voici les principales esp\u00e8ces marines des zones de Guin\u00e9e-Bissau, du Lib\u00e9ria et de Sierra Leone : Poissons p\u00e9lagiques : Les eaux de ces r\u00e9gions sont particuli\u00e8rement riches en thonid\u00e9s, avec notamment le thon ob\u00e8se, le listao et le thon albacore. On y trouve \u00e9galement d&rsquo;importantes populations de sardinelles rondes et plates, de maquereaux et d&rsquo;anchois. [&hellip;]<\/p>\n","protected":false},"author":1,"featured_media":0,"parent":0,"menu_order":0,"comment_status":"closed","ping_status":"closed","template":"","meta":{"footnotes":""},"class_list":["post-951","page","type-page","status-publish","hentry"],"_links":{"self":[{"href":"https:\/\/sidiafishing.com\/index.php\/wp-json\/wp\/v2\/pages\/951","targetHints":{"allow":["GET"]}}],"collection":[{"href":"https:\/\/sidiafishing.com\/index.php\/wp-json\/wp\/v2\/pages"}],"about":[{"href":"https:\/\/sidiafishing.com\/index.php\/wp-json\/wp\/v2\/types\/page"}],"author":[{"embeddable":true,"href":"https:\/\/sidiafishing.com\/index.php\/wp-json\/wp\/v2\/users\/1"}],"replies":[{"embeddable":true,"href":"https:\/\/sidiafishing.com\/index.php\/wp-json\/wp\/v2\/comments?post=951"}],"version-history":[{"count":7,"href":"https:\/\/sidiafishing.com\/index.php\/wp-json\/wp\/v2\/pages\/951\/revisions"}],"predecessor-version":[{"id":1051,"href":"https:\/\/sidiafishing.com\/index.php\/wp-json\/wp\/v2\/pages\/951\/revisions\/1051"}],"wp:attachment":[{"href":"https:\/\/sidiafishing.com\/index.php\/wp-json\/wp\/v2\/media?parent=951"}],"curies":[{"name":"wp","href":"https:\/\/api.w.org\/{rel}","templated":true}]}}