{"id":987,"date":"2024-12-03T11:05:57","date_gmt":"2024-12-03T10:05:57","guid":{"rendered":"https:\/\/sidiafishing.com\/?page_id=987"},"modified":"2024-12-03T11:52:33","modified_gmt":"2024-12-03T10:52:33","slug":"conditions-de-livraison","status":"publish","type":"page","link":"https:\/\/sidiafishing.com\/index.php\/conditions-de-livraison\/","title":{"rendered":"Conditions de livraison"},"content":{"rendered":"\t\t<div data-elementor-type=\"wp-page\" data-elementor-id=\"987\" class=\"elementor elementor-987\">\n\t\t\t\t<div class=\"elementor-element elementor-element-b7ed571 e-flex e-con-boxed e-con e-parent\" data-id=\"b7ed571\" data-element_type=\"container\">\n\t\t\t\t\t<div class=\"e-con-inner\">\n\t\t\t\t<div class=\"elementor-element elementor-element-2d3b044 elementor-widget elementor-widget-spacer\" data-id=\"2d3b044\" data-element_type=\"widget\" data-widget_type=\"spacer.default\">\n\t\t\t\t<div class=\"elementor-widget-container\">\n\t\t\t\t\t\t\t<div class=\"elementor-spacer\">\n\t\t\t<div class=\"elementor-spacer-inner\"><\/div>\n\t\t<\/div>\n\t\t\t\t\t\t<\/div>\n\t\t\t\t<\/div>\n\t\t\t\t<div class=\"elementor-element elementor-element-edd79c5 elementor-widget elementor-widget-text-editor\" data-id=\"edd79c5\" data-element_type=\"widget\" data-widget_type=\"text-editor.default\">\n\t\t\t\t<div class=\"elementor-widget-container\">\n\t\t\t\t\t\t\t\t\t<p><strong>La cha\u00eene du froid repr\u00e9sente un enjeu crucial dans la fili\u00e8re des produits de la mer<\/strong>, garantissant la fra\u00eecheur, la qualit\u00e9 sanitaire et la s\u00e9curit\u00e9 alimentaire des poissons et fruits de mer livr\u00e9s aux consommateurs europ\u00e9ens.<\/p><p>D\u00e8s la capture en haute mer, une ma\u00eetrise rigoureuse de la temp\u00e9rature est imp\u00e9rative pour pr\u00e9server les qualit\u00e9s organoleptiques et nutritionnelles des produits.<\/p>\t\t\t\t\t\t\t\t<\/div>\n\t\t\t\t<\/div>\n\t\t\t\t\t<\/div>\n\t\t\t\t<\/div>\n\t\t<div class=\"elementor-element elementor-element-829f598 e-flex e-con-boxed e-con e-parent\" data-id=\"829f598\" data-element_type=\"container\">\n\t\t\t\t\t<div class=\"e-con-inner\">\n\t\t<div class=\"elementor-element elementor-element-5cf9077 e-con-full e-flex e-con e-child\" data-id=\"5cf9077\" data-element_type=\"container\">\n\t\t\t\t<div class=\"elementor-element elementor-element-4d824be elementor-widget elementor-widget-image\" data-id=\"4d824be\" data-element_type=\"widget\" data-widget_type=\"image.default\">\n\t\t\t\t<div class=\"elementor-widget-container\">\n\t\t\t\t\t\t\t\t\t\t\t\t\t\t\t<img fetchpriority=\"high\" decoding=\"async\" width=\"640\" height=\"427\" src=\"https:\/\/sidiafishing.com\/wp-content\/uploads\/2024\/12\/avion-transport.jpg\" class=\"attachment-large size-large wp-image-1016\" alt=\"avion transport\" srcset=\"https:\/\/sidiafishing.com\/wp-content\/uploads\/2024\/12\/avion-transport.jpg 640w, https:\/\/sidiafishing.com\/wp-content\/uploads\/2024\/12\/avion-transport-300x200.jpg 300w\" sizes=\"(max-width: 640px) 100vw, 640px\" \/>\t\t\t\t\t\t\t\t\t\t\t\t\t\t\t<\/div>\n\t\t\t\t<\/div>\n\t\t\t\t<div class=\"elementor-element elementor-element-222bf57 elementor-widget elementor-widget-text-editor\" data-id=\"222bf57\" data-element_type=\"widget\" data-widget_type=\"text-editor.default\">\n\t\t\t\t<div class=\"elementor-widget-container\">\n\t\t\t\t\t\t\t\t\t<p><strong>Pour les livraisons par voie a\u00e9rienne,<\/strong> des conteneurs r\u00e9frig\u00e9r\u00e9s sp\u00e9cialis\u00e9s permettent de maintenir une temp\u00e9rature constante entre 0 et 4\u00b0C tout au long du transport.<\/p><p><strong>Ces conteneurs sont \u00e9quip\u00e9s de syst\u00e8mes de monitoring en temps r\u00e9el<\/strong>, garantissant un suivi pr\u00e9cis de la temp\u00e9rature. Les avions cargo d\u00e9di\u00e9s aux produits p\u00e9rissables disposent d&rsquo;infrastructures de conservation avanc\u00e9es, assurant des transferts rapides et s\u00e9curis\u00e9s vers les principales plateformes logistiques europ\u00e9ennes.<\/p>\t\t\t\t\t\t\t\t<\/div>\n\t\t\t\t<\/div>\n\t\t\t\t<\/div>\n\t\t<div class=\"elementor-element elementor-element-c8b3d9b e-con-full e-flex e-con e-child\" data-id=\"c8b3d9b\" data-element_type=\"container\">\n\t\t\t\t<div class=\"elementor-element elementor-element-5eb9ee4 elementor-widget elementor-widget-image\" data-id=\"5eb9ee4\" data-element_type=\"widget\" data-widget_type=\"image.default\">\n\t\t\t\t<div class=\"elementor-widget-container\">\n\t\t\t\t\t\t\t\t\t\t\t\t\t\t\t<img decoding=\"async\" width=\"640\" height=\"427\" src=\"https:\/\/sidiafishing.com\/wp-content\/uploads\/2024\/12\/cargo.jpg\" class=\"attachment-large size-large wp-image-1017\" alt=\"cargo\" srcset=\"https:\/\/sidiafishing.com\/wp-content\/uploads\/2024\/12\/cargo.jpg 640w, https:\/\/sidiafishing.com\/wp-content\/uploads\/2024\/12\/cargo-300x200.jpg 300w\" sizes=\"(max-width: 640px) 100vw, 640px\" \/>\t\t\t\t\t\t\t\t\t\t\t\t\t\t\t<\/div>\n\t\t\t\t<\/div>\n\t\t\t\t<div class=\"elementor-element elementor-element-542bff8 elementor-widget elementor-widget-text-editor\" data-id=\"542bff8\" data-element_type=\"widget\" data-widget_type=\"text-editor.default\">\n\t\t\t\t<div class=\"elementor-widget-container\">\n\t\t\t\t\t\t\t\t\t<p><strong>Le transport maritime repr\u00e9sente \u00e9galement une option\u00a0 pour la distribution des produits de la mer. <\/strong><\/p><p>Des navires frigorifiques, appel\u00e9s \u00ab\u00a0reefers\u00a0\u00bb, sont con\u00e7us sp\u00e9cifiquement pour le transport \u00e0 temp\u00e9rature dirig\u00e9e. Ces navires poss\u00e8dent des syst\u00e8mes de r\u00e9frig\u00e9ration performants permettant de maintenir des conditions optimales de conservation, avec des zones de stockage compartiment\u00e9es et des technologies de r\u00e9gulation thermique pr\u00e9cises.<\/p><p>\u00a0<\/p><p><strong>Cette m\u00e9thode est particuli\u00e8rement adapt\u00e9e pour les volumes importants \u00e0 destination des march\u00e9s europ\u00e9ens.<\/strong><\/p>\t\t\t\t\t\t\t\t<\/div>\n\t\t\t\t<\/div>\n\t\t\t\t<\/div>\n\t\t\t\t\t<\/div>\n\t\t\t\t<\/div>\n\t\t<div class=\"elementor-element elementor-element-7f7f24e e-flex e-con-boxed e-con e-parent\" data-id=\"7f7f24e\" data-element_type=\"container\">\n\t\t\t\t\t<div class=\"e-con-inner\">\n\t\t\t\t<div class=\"elementor-element elementor-element-3d31052 elementor-widget elementor-widget-text-editor\" data-id=\"3d31052\" data-element_type=\"widget\" data-widget_type=\"text-editor.default\">\n\t\t\t\t<div class=\"elementor-widget-container\">\n\t\t\t\t\t\t\t\t\t<p><strong>\u00c0 l&rsquo;arriv\u00e9e sur le territoire europ\u00e9en<\/strong>, une tra\u00e7abilit\u00e9 compl\u00e8te est assur\u00e9e gr\u00e2ce \u00e0 des syst\u00e8mes informatiques. Chaque lot fait l&rsquo;objet de contr\u00f4les sanitaires stricts, avec des enregistrements d\u00e9taill\u00e9s des temp\u00e9ratures pendant le transport.<\/p><p>Les entrep\u00f4ts frigorifiques r\u00e9gionaux prolongent ensuite cette cha\u00eene du froid, permettant une distribution rapide et s\u00e9curis\u00e9e vers les diff\u00e9rents points de vente, restaurants, poissonneries et grandes surfaces \u00e0 travers l&rsquo;<strong>Europe<\/strong>.<\/p>\t\t\t\t\t\t\t\t<\/div>\n\t\t\t\t<\/div>\n\t\t\t\t\t<\/div>\n\t\t\t\t<\/div>\n\t\t\t\t<\/div>\n\t\t","protected":false},"excerpt":{"rendered":"<p>La cha\u00eene du froid repr\u00e9sente un enjeu crucial dans la fili\u00e8re des produits de la mer, garantissant la fra\u00eecheur, la qualit\u00e9 sanitaire et la s\u00e9curit\u00e9 alimentaire des poissons et fruits de mer livr\u00e9s aux consommateurs europ\u00e9ens. D\u00e8s la capture en haute mer, une ma\u00eetrise rigoureuse de la temp\u00e9rature est imp\u00e9rative pour pr\u00e9server les qualit\u00e9s organoleptiques [&hellip;]<\/p>\n","protected":false},"author":1,"featured_media":0,"parent":0,"menu_order":0,"comment_status":"closed","ping_status":"closed","template":"","meta":{"footnotes":""},"class_list":["post-987","page","type-page","status-publish","hentry"],"_links":{"self":[{"href":"https:\/\/sidiafishing.com\/index.php\/wp-json\/wp\/v2\/pages\/987","targetHints":{"allow":["GET"]}}],"collection":[{"href":"https:\/\/sidiafishing.com\/index.php\/wp-json\/wp\/v2\/pages"}],"about":[{"href":"https:\/\/sidiafishing.com\/index.php\/wp-json\/wp\/v2\/types\/page"}],"author":[{"embeddable":true,"href":"https:\/\/sidiafishing.com\/index.php\/wp-json\/wp\/v2\/users\/1"}],"replies":[{"embeddable":true,"href":"https:\/\/sidiafishing.com\/index.php\/wp-json\/wp\/v2\/comments?post=987"}],"version-history":[{"count":7,"href":"https:\/\/sidiafishing.com\/index.php\/wp-json\/wp\/v2\/pages\/987\/revisions"}],"predecessor-version":[{"id":1020,"href":"https:\/\/sidiafishing.com\/index.php\/wp-json\/wp\/v2\/pages\/987\/revisions\/1020"}],"wp:attachment":[{"href":"https:\/\/sidiafishing.com\/index.php\/wp-json\/wp\/v2\/media?parent=987"}],"curies":[{"name":"wp","href":"https:\/\/api.w.org\/{rel}","templated":true}]}}